 3*q - 2*c = d, 2*q - 66 = -0*q + 4*c. What is the tens digit of q?
2
Let q be (-10)/55 - (-172)/(-22). Let j be (q - -21) + (0 - 1). Let u = j - 8. What is the units digit of u?
4
Let o = 70 - 43. What is the units digit of o?
7
Suppose 3*j = 3*i + 15, -2*j - 2*i + 0*i = -10. Suppose 3 + 22 = j*d. Suppose 0*n - d = -5*n. What is the units digit of n?
1
Suppose -3*t = -3*i + 2*t + 170, 2 = t. Suppose -2*z = 2*z - i. What is the tens digit of z?
1
Suppose -5*u + 515 = 2*p, 41 = -u - 2*p + 152. Suppose 5*z + u - 256 = -5*t, t + 5*z - 15 = 0. What is the units digit of t?
5
Suppose 18 = 6*p - 12. What is the units digit of p?
5
Let v(s) = -s**2 - 6*s - 6. Let l be v(-6). Let p(a) = 2 + 3*a**3 - a**3 - a - a**3 + 6*a**2. What is the units digit of p(l)?
8
Let b be 12/4 + (1 - -10). Let o be (4/7)/(4/b). Let l = 10 + o. What is the units digit of l?
2
Suppose 2*y = -0*y + 2. Suppose -3*t = y + 14, -5*m = 4*t + 155. What is the units digit of (2/6)/((-3)/m)?
3
Suppose 2*x + x = 4*a - 23, -5*x = a. Suppose -2*u + 29 = -7. What is the tens digit of (u + 3)*1 + x?
2
Let k = -156 - -291. What is the units digit of k?
5
Let y(l) = 10*l**2 + 2. What is the tens digit of y(-2)?
4
Let a = 7 - 4. Let d(k) be the third derivative of k**4/8 - 2*k**3/3 + 10*k**2. What is the units digit of d(a)?
5
Let z = 1 + -2. Let q = 4 + z. Suppose -2*h = -g + 2, q*g + 2*h = 20 + 10. What is the units digit of g?
8
Let p = 7 - 3. Let s = 33 + -32. Suppose 0 = 3*r - p + s. What is the units digit of r?
1
Suppose -2*u - 6*p + p = -342, 158 = u - 4*p. What is the units digit of u?
6
Let u be -6*(1 - 2)/2. Let a = 8 + u. What is the tens digit of a?
1
Suppose 2*y + 25 = -5*w, -2*y + 0*y + 5*w + 25 = 0. Suppose 0*i = z - 3*i - 7, i - 51 = -5*z. Let x = z - y. What is the tens digit of x?
1
Let c be ((-2)/(-4))/(5/(-110)). Let d = -7 - c. What is the units digit of d?
4
Let j = -17 - -31. What is the units digit of (1 + -5)/((-4)/j)?
4
Let y(i) = i + 1 - 2*i + 0*i. Let v be -5 + (0 + 1 - -1). What is the units digit of y(v)?
4
Let m(d) = d**2 + 5*d + 3. Let g be m(-5). Suppose f + 9 = -g*l + 6*l, -2*l + 5 = -f. What is the units digit of f?
3
Let x be 26/(-39) + 16/6. Suppose 20 = x*p + 4. What is the units digit of p?
8
Let h(k) = k**3 - 7*k**2 + 5*k + 5. Let w be h(6). Let c be w*-3*(1 + 0). Suppose c*f + 2*g - 10 = 6*g, 3*g = -3*f + 45. What is the tens digit of f?
1
What is the tens digit of -3 + 29 + -2 + 0?
2
Let f(z) = -z**3 + 12*z**2 - 15*z + 15. What is the tens digit of f(10)?
6
Suppose -37 - 51 = -4*z. What is the tens digit of z?
2
Suppose f + 3*i - 5 = 0, -3*f + 15 = -2*i - 11. What is the units digit of f?
8
Let o(f) = -f**3 + 4*f**2 + 7*f - 7. What is the units digit of o(5)?
3
Suppose -34 - 3 = -2*p - 3*c, -2 = -p + 4*c. What is the units digit of p?
4
Suppose 32 = 3*z + z. Let i(v) = -v**3 + 9*v + 0*v + 8*v**2 + 4 - v**2. What is the units digit of i(z)?
2
Let m = 9 - 5. Let t be 0 - -2 - 1*-2. Suppose m*l = 0, -l - 4 = -t*j + 28. What is the units digit of j?
8
What is the units digit of 3 - 3 - (3 - 6)?
3
Let c(u) = -2*u - 4 + 1 - 3*u. What is the units digit of c(-2)?
7
Let v(c) = c**2 + 9*c + 11. Let o be v(-8). Suppose -6*g + 3 = -o*g. What is the units digit of g?
1
Let u(d) = d**2 + 3*d + 2. Let k = -1 - -3. Suppose -k*l - 20 = 3*l. What is the units digit of u(l)?
6
Let x(r) = 2 - 3*r + 3 + r**2 + 0*r**2. What is the units digit of x(5)?
5
Suppose -2*k + 40 = 2*k. Let v = -3 + k. What is the units digit of v?
7
Let p be 10/(-45) + 86/(-18). Suppose -4*i = -2*o + 10, 2*o = 3*o - 3. What is the units digit of (1 - i)*p/(-2)?
5
Let n(w) = w - 3. Let u be n(6). Suppose -u*b - 12 = -4*r - b, -4*b + 4 = -r. What is the units digit of r?
4
Suppose 2*w = -4*c + c + 201, -248 = -4*c + 4*w. Suppose -c - 20 = -5*y. What is the units digit of y?
7
Let t(y) = 8*y**2 - 3*y. What is the tens digit of t(2)?
2
Let h be (50/(-15))/((-4)/6). Suppose h*o = -2*n - 1, 5*n - 5*o + 20 = -0*n. What is the units digit of (2*n)/(-4 + 3)?
6
Let a(t) = -t - 1. Let r be (12/15)/((-8)/20). What is the units digit of a(r)?
1
Suppose -c = -p + 1, p = -0*p + 3*c + 1. Suppose -p = -2*v + 3*v. What is the units digit of 2 - ((1 - v) + -4)?
4
Let r = 9 + -4. Suppose 0*y + 4*y + r*z - 16 = 0, -5*y = 4*z - 29. What is the units digit of y?
9
Let l(q) = 5*q**2 - q - 13. What is the tens digit of l(-3)?
3
Suppose 4*f = o + 16, -2*o - 10 = -5*f + 7. What is the units digit of f?
5
Let g = 3 - -1. Let x(m) = m**2 - 4*m + 1. What is the units digit of x(g)?
1
Let s(d) = 3*d - 4. Let c be s(3). Suppose 55 = 5*f - c*g, -7*g + 3*g = 4*f - 44. What is the tens digit of f?
1
Suppose -145*t - 24 = -151*t. What is the units digit of t?
4
Let y = 9 - 6. Suppose -4*o + 5 = -y. Suppose -15 = -3*n - o*n. What is the units digit of n?
3
Suppose 174 = 5*k - 181. What is the units digit of k?
1
Let p(l) = -l**2 - 8*l - 6. Let q be p(-6). Suppose -q*a + 12 = -4*a. What is the units digit of (-3)/(-2*a/52)?
3
Let k = -30 - -35. What is the units digit of k?
5
Let h be (-6)/5*(-50)/(-15). What is the units digit of h/(-14) + 120/70?
2
Let d(c) = c**3 + 7*c**2 - 3*c + 1. Let n be d(-7). Let x = n + -13. What is the units digit of x?
9
Suppose 4*r - 19 = -3*w + 8, r = 3*w - 27. What is the units digit of w?
9
Let r = 2 - 0. Suppose n + 10 + r = 0. Let o(y) = y + 18. What is the units digit of o(n)?
6
Let m be 16/(-3 - 1) + 0. What is the units digit of m*(-5 - (-4 - -1))?
8
Suppose -2*b + 20 = -0*b. What is the tens digit of b?
1
Let d = 43 - 17. What is the tens digit of d?
2
Let m = 25 + 33. What is the tens digit of m?
5
Let w(z) = 5*z**3 - 2 + z + 1 - z**2 + 0*z. Suppose -2*y = -0 - 2. What is the units digit of w(y)?
4
What is the tens digit of 1/(-6*(-6)/2412)?
6
Suppose 2*m = 77 + 29. What is the units digit of m?
3
Let r(k) = -k**3 + 5*k**2 + 3. Let d be r(5). Let v be (-52)/(-6) - (-4)/(-6). Suppose -v*z - 27 = -2*y - d*z, -z - 15 = -2*y. What is the units digit of y?
6
Let p = 12 + -6. What is the units digit of p?
6
Suppose -z + 40 - 16 = 0. What is the units digit of z?
4
Suppose 2*d + 2*d = -64. Let g = d - -24. What is the units digit of g?
8
Let n = 6 + -1. Suppose -r + 4*r - 15 = -n*u, -12 = -4*u + 3*r. What is the units digit of u?
3
Let q(f) = f**3 + 5*f**2 + 5*f + 4. Let i be ((-6)/3)/(4/6). What is the units digit of q(i)?
7
Suppose -z + 17 = -3. Suppose 0 = 17*g - z*g + 9. What is the units digit of g?
3
Suppose 2*t = 8, -4*u + 1025 = 4*t + 125. What is the tens digit of u?
2
Suppose 0 = -z + 4, 5*z + 675 = 5*l. What is the units digit of l?
9
What is the units digit of (-2 - 1)*(-416)/39?
2
Let x be (-1)/(336/(-111) + 3). Let p = x + -14. What is the tens digit of p?
2
Suppose -3*a - 58 = -199. What is the units digit of a?
7
Suppose 3*l = -0*l - 90. Let k = -16 - l. What is the units digit of k?
4
Suppose -11*g + 8*g + 189 = 0. What is the tens digit of g?
6
Let k = 84 + -50. What is the tens digit of k?
3
Let b(f) = 84*f - 1. What is the units digit of b(1)?
3
Let q be 208/(-6) + 4/6. Let h = 63 + q. What is the units digit of h?
9
Suppose 9*z - 526 = 338. What is the tens digit of z?
9
Suppose u + 3*x - 568 = -u, -x - 279 = -u. What is the hundreds digit of u?
2
Suppose -3*y + 11 = 4*z, z - 7*y = -2*y - 3. Let n = z - -4. Let d = 8 - n. What is the units digit of d?
2
What is the units digit of 59 - 8 - 2*-2?
5
Let n(o) = -o - 2. Let w be n(-8). Let y(i) = -6*i**2 + 6 + 5*i**2 + w*i + 2*i. What is the tens digit of y(7)?
1
Suppose -13*j = -17*j - 32. What is the tens digit of 905/20 - (-2)/j?
4
Let h = 7 - 4. Let w(z) = -2*z**2 + 5*z - 3. Let x be w(h). Let d(q) = -2*q - 2. What is the tens digit of d(x)?
1
Let k = 51 + 11. What is the units digit of k?
2
Suppose p - 1 = 0, 0 = -2*h - h - p - 41. What is the tens digit of 102/4 + 7/h?
2
Suppose r = -4, -s + 4*r = 2*r - 250. What is the tens digit of s?
4
Suppose -w + 0 = -5, -4*w + 8 = m. What is the units digit of 5/30 + (-106)/m?
9
Let c = 35 + -2. What is the tens digit of c?
3
What is the tens digit of 306/8 - 24/(-32)?
3
Suppose -27 + 11 = -y. Suppose -50 + 15 = 5*k. Let t = y + k. What is the units digit of t?
9
Let k be 42/(-4) + 4/8. What is the units digit of (6/k)/(1/(-15))?
9
Suppose 3*w + 13 = -0*w - 2*o, 4*o = -w - 21. Let a